2*d**2 - 4*d + 4. Let j(u) = u**3 - 7*u**2 - u + 1. Let l(k) = 7*j(k) - 2*q(k). Let t = -12 + 17. Give l(t).
4
Let o(p) = -p**2 - 5*p - 7. Suppose 27 = -33*w + 24*w. Calculate o(w).
-1
Let l(f) = 4*f - 1. Let q = -804 - -806. What is l(q)?
7
Let n(a) be the second derivative of -a**4/2 - a**3/6 - 4*a - 2. Calculate n(-1).
-5
Let v(h) = 3*h**3 + 5*h**2 + 4*h - 1. Let r(b) = 8*b**3 + 15*b**2 + 10*b - 2. Let s(k) = 4*r(k) - 11*v(k). Give s(3).
9
Let i(m) = m**2 - m - 13. Suppose -8 = 4*t - 6*t. Let q be i(t). Let h(r) = 8*r + 1. Calculate h(q).
-7
Let a(f) = -4 - 8*f**3 - 5*f**2 - 6*f - 5*f**3 - 1 + 14*f**3 - 4. Determine a(6).
-9
Let j(g) = g**3 - 4*g**2 - 5*g. Let l(r) = -r**2 + 8*r - 2. Suppose 3*p - c + 20 + 20 = 0, 3*p = 3*c - 42. Let n be 4/26 - 89/p. Let x be l(n). Determine j(x).
0
Let w be (-11 + 1)/(-2 - 0). Let m(y) = -y**2 + 10*y - 7. Let z(o) = -2*o + 1. Let c(i) = -m(i) - 2*z(i). What is c(w)?
0
Let l(w) = w**2 - 11*w - 8. Let p = 737 - 726. Give l(p).
-8
Let p = 1 + 7. Let f be ((-6)/(-7))/(p/56). Let q(l) = 3 + 7*l**2 - 7 - 7*l + 2*l**3 - 3 - 3*l**3. Give q(f).
-13
Let g(p) = 5*p - 8. Let v(w) = -17*w + 25. Let i(n) = -7*g(n) - 2*v(n). What is i(11)?
-5
Let q = -5 - 0. Let o(h) = -7*h**3 - 3*h**2 + 9*h - 3. Let z(t) = -3*t**3 - 2*t**2 + 4*t - 1. Let k(u) = -2*o(u) + 5*z(u). Determine k(q).
16
Let v = -24 - -24. Let w(d) = -595 + v*d - 4*d + 592. Determine w(-2).
5
Let i(b) be the third derivative of -b**4/12 + 13*b**3/3 - 3*b**2 - 21*b. Calculate i(9).
8
Let v(k) = -8*k + 11*k**2 + 3*k + 505*k**3 - 13 - 506*k**3 - 9*k + 3*k. What is v(10)?
-23
Let h(a) = a - 4. Let y be h(2). Let o be y*(-4 - 12/(-4)). Let n(x) = 10*x**2 - 2*x + 1 + 10*x**o - 21*x**2. Calculate n(-3).
-2
Let x = -4 - -6. Let i(k) = -8*k + 2 + k**3 + 3*k**2 - 4*k - 10*k**2 + 13*k + 6*k**2. Give i(x).
8
Suppose x + 4*x - 35 = 3*c, 2*c + 3*x = 2. Let f be (-6)/(-27) - 310/18. Let b be f/c - 3/(-5). Let p(w) = -w**2 + w - 2. Calculate p(b).
-14
Let d(r) = -2*r**3 + 9*r**2 - 3*r - 6. Let q(u) = 14*u - 52. Let c be q(4). Give d(c).
-2
Let n be (-2)/12 + (-24)/(-144). Let j(t) = t**3 - t**2 - 2*t - 15. What is j(n)?
-15
Suppose 10 = 4*a + 2. Suppose 2*p = -4*j - 2*p - 12, a*p - 29 = 3*j. Let s(h) be the first derivative of -h**2/2 - 5*h - 6. What is s(j)?
2
Suppose 3*o - 3*z = 0, 4*o - 5*z = -8*z - 7. Let x(h) = 6*h - 16. Let k be x(3). Let n(l) = l + 2*l**2 + 0*l**2 + 2*l**k - 2*l**2. What is n(o)?
1
Let m(i) = 6 - 4*i - 6 - 5*i + 1. Give m(-2).
19
Let h(u) = 27*u + 238. Let f be h(-9). Let l(c) = -5*c**3 + 26*c**2 + 7*c - 6. Let i(m) = -2*m**3 + 9*m**2 + 2*m - 2. Let n(g) = 8*i(g) - 3*l(g). Give n(f).
2
Let l(n) be the third derivative of -n**5/60 + n**4/12 - n**3/6 - 2*n**2. Suppose 37 = 7*t + 9. Give l(t).
-9
Let n(m) be the third derivative of m**6/120 + m**5/10 + 19*m**2. Suppose 5*w - 7*s + 40 = -2*s, 3*s = 6. Calculate n(w).
0
Let c = 12 - 10. Suppose 3*u - 5 = -c*u + 5*j, -2*u - 2*j = -10. Let x(z) = z**2 - 4*z. What is x(u)?
-3
Let q(g) be the third derivative of -g**4/8 + 35*g**3/3 + 3*g**2 + 37. Give q(25).
-5
Let n(j) = 2*j - 4. Let a be n(-1). Let y(k) be the first derivative of 3*k**2 - 2 + 9*k + 1/3*k**3. Calculate y(a).
9
Let z(r) be the first derivative of r**4/4 + 3*r**3 + 7*r**2/2 + r + 184. Give z(-8).
9
Let q(k) = 2*k**2 + 6*k + 4. Let c(u) = -5*u - 5. Let t be c(-3). Let b = t - 8. Suppose n + 2 + b = 0. What is q(n)?
12
Let f(r) be the third derivative of -r**5/60 + r**4/4 + 16*r**2 + 2*r. Give f(5).
5
Let z be 1/(-6) + (428/(-24) - 5). Let l = z + 19. Let f(c) = c**2 + 3*c - 5. What is f(l)?
-1
Let p(o) be the third derivative of -o**5/60 + 5*o**4/12 - 17*o**3/6 - 2*o**2 + 15. Determine p(8).
-1
Let h = 627 + -620. Let m(p) = -9 + p**3 + 0*p**3 + 7*p + 6*p**2 - 2*p**3. What is m(h)?
-9
Let l(n) be the third derivative of n**6/120 + n**5/10 + n**4/24 + 7*n**3/6 - 97*n**2. Determine l(-6).
1
Let n(r) = -r**2 + 4*r - 5. Let q be ((-24)/(-28))/(48/224). Give n(q).
-5
Let x = 81 - 143. Let i = x - -68. Let t(s) = s**3 - 5*s**2 - 7*s - 1. Calculate t(i).
-7
Let w(a) = 3*a**3 - 2*a**3 + a - 10 + 19 - 13. What is w(0)?
-4
Let z(o) be the second derivative of -o**5/10 + o**4/6 - o**3/3 + o**2/2 + 233*o. Let a be (1 - -1) + 3/(-3). What is z(a)?
-1
Let y(t) = t. Let d be -8*-1*2/4. Suppose -v + 9*c = 6*c + 9, 3*c - 39 = -d*v. Let w = -11 + v. Give y(w).
-5
Let g(z) = 68*z**3 + 16*z**2 + 5*z + 8. Let h(s) = 45*s**3 + 10*s**2 + 3*s + 5. Let l(y) = 5*g(y) - 8*h(y). Calculate l(-1).
19
Suppose h + 0*h = 3*q + 15, 2*q + 10 = 2*h. Let a(v) = v**3 + 6*v**2 + 6*v - 5. Give a(q).
-10
Let w(t) = t**2. Let n(j) = -18*j**2 - j - 1. Let x(u) = -n(u) - 6*w(u). Let m = -537 - -536. What is x(m)?
12
Suppose 0 = -3*h - a + 11, -h + 17 = 3*a - 0*a. Let x(r) = 9 + r**3 - h*r - 9*r**2 - 9*r**2 + 12*r**2. Give x(6).
-3
Let k(r) = 16 + r**3 - 6*r**2 - 33 + 0*r**3 + 18. Give k(6).
1
Let c(g) be the second derivative of -g**6/360 + g**5/24 + g**4/12 - g**3/3 + 2*g**2 - g - 10. Let m(s) be the second derivative of c(s). Give m(7).
-12
Suppose -5*l = 3*h - 29, l - 4*l = -12. Suppose 0 = 5*b, h*t + 2*b = -18 - 0. Let y(o) be the first derivative of -o**3/3 - 3*o**2 - 3*o + 4. Calculate y(t).
-3
Let i(p) = -p - 14. Suppose 40 = -37*m + 33*m. What is i(m)?
-4
Let z be (-4)/50*5 + (-4)/(-10). Let u(h) = h**3 - h**2 - h - 10. Give u(z).
-10
Let d(t) = -t**3 + 14*t**2 - 44*t - 5. Let s be d(9). Let y(c) = c**3 - c**2 - 10*c + 3. Give y(s).
11
Suppose a + 18 = 4*j, -3*a + 10 = j + 3*j. Let b(m) = m**3 - 5*m**2 - m + 5. What is b(j)?
-15
Let i(c) = -c**2 + 6*c + 8. Suppose -34*d = -39*d - z + 24, 0 = d - 5*z - 10. Give i(d).
13
Let o(s) = 4*s**3 + 9*s**2 + 6*s + 5. Let k(b) = 3*b**3 + 6*b**2 + 4*b + 3. Let g(v) = -7*k(v) + 5*o(v). Give g(3).
10
Let a(v) be the second derivative of -v**4/4 - v**3/3 + v**2/2 + 15*v. Let n = -26 + 36. Suppose 4*x + 3*y - n = -0*y, -10 = -5*y. Determine a(x).
-4
Let z(y) = y - 10. Let d be z(19). Let k(i) = i**3 - 9*i**2 + 2*i - 13. What is k(d)?
5
Let m(w) = w**3 - w**2 - 3*w + 2. Let v(y) = -34*y**3 - 2*y**2 + 2*y. Let b be v(1). Let o = b + 36. What is m(o)?
0
Let l be (-1)/(1/(2 - 3)). Let u = 0 + l. Let p(x) = 0*x + 141 - 2*x - 4*x - 140. Give p(u).
-5
Let i(o) = o**3 + 5*o**2 + 4*o + 6. Let r(g) = -g**3 - 7*g**2 - 2*g - 19. Let b be r(-7). Calculate i(b).
-14
Suppose f = x - 51, -73 - 117 = -4*x - 3*f. Let m(k) = -90*k - 6 + x*k + 44*k. Determine m(4).
6
Let k(g) = -4*g - 5*g**2 + 6*g**2 + 4*g - 5*g. Let x be k(4). Let m be x*3/30*5. Let b(h) = h**2 + h. Give b(m).
2
Let n(g) = -15*g + 2. Let a(r) = -76*r + 14. Let j(p) = -a(p) + 5*n(p). Let t(z) = -z**2 + z - 2. Let m be t(2). Determine j(m).
-8
Suppose -234*v + 153 = -217*v. Let l(d) = -2*d + 27. Determine l(v).
9
Let m(h) = 3*h**3 + h**2 - 8*h. Let i(z) = 7*z**3 + z**2 - 17*z + 1. Let u(o) = -4*i(o) + 9*m(o). Give u(4).
-4
Let p be 10/(-3 - (-2)/4). Let j(m) = 3*m**2 + 7*m + 5. What is j(p)?
25
Let v(u) = -13*u**2 + 15*u + 14. Let b(t) = -5*t**2 + 7*t + 8. Let w(k) = 5*b(k) - 2*v(k). What is w(-4)?
8
Let b(r) be the third derivative of r**4/12 - r**3/3 + 5*r**2. Suppose -1 = l - 5. Suppose 0 = -l*j - s + 20, -10 = 2*j - s - 26. Determine b(j).
10
Let u(h) = h**3 + 5*h**2 + 2*h + 1. Suppose w - 6*d - 16 = -d, 2*d + 16 = -2*w. What is u(w)?
9
Let x(f) = 2 - 7 + 5*f - f**2 - 13*f**2 + 13*f**2. What is x(3)?
1
Let f(y) = 8 - 4*y**2 - 3*y + 2*y**2 + 3 + y**2. Determine f(-8).
-29
Let j = 5 + -12. Let z(i) = -7 - 1 - 10116*i**2 + 10117*i**2 + 5*i. Determine z(j).
6
Let b(m) = m**3 + 8*m**2 + 5*m + 1. Suppose 6*c + 70 = -4*c. Determine b(c).
15
Suppose -4*g - 77 = -3*c, -5*c + 124 = 5*g - 51. Let q(w) = 4 - w**2 - 64*w + c*w + 4 + 36*w. Calculate q(6).
-10
Let q(a) = -a**2 - 6*a + 3. Let o = 15 + -21. Let h be q(o). Let p(u) = -u**3 + 2 - 4*u**2 + u - h + 2*u**3 + 3*u**2. Calculate p(0).
-1
Let l(b) = b. Let s(a) = -2. Let k(p) = 5*l(p) + 2*s(p). Calculate k(5).
21
Let p be 2 + 20*(-4)/(-8). Let o(w) = -3*w**2 - 1 - 10*w + p*w + 2*w**2. Let g be (-1)/(-3) - (-22)/6. What is o(g)?
-9
Let s(f) = 2 + f - 5 + 4. Let z(v) = v + 8. Let r be z(-8). Suppose -2 = i - r*i. Determine s(i).
-1
Suppose 0 = -7*v + 2*v - 25. Let d(x) be the first derivative of 5/3*x**3 + 3*x + 15 - 1/2*x**2 + 1/4*x**4. What is d(v)?
8